 highest common factor of n and 660?
20
Let m = -325 - -573. Suppose -5*j = -d - d - 159, 161 = 5*j - 3*d. What is the greatest common divisor of m and j?
31
Let q = 1254 - 1249. Suppose -2*k + 4*h + 46 = 0, 44 = 4*k + 5*h - 22. Let l = k + q. What is the highest common factor of 132 and l?
12
Let d be 67 + (6/(-36)*-42 - 2). Calculate the highest common divisor of d and 5352.
24
Suppose -33*x + 1791 = -24*x. Suppose 2*y = -159 + x. Calculate the greatest common divisor of 290 and y.
10
Suppose 5*p - 8082 = -2*p + 815. What is the highest common divisor of 217 and p?
31
Let r be ((-12)/(-36))/((-6)/(-1296)). Calculate the greatest common factor of 1422 and r.
18
Suppose 2*d - 516 = d - 0*d. What is the highest common divisor of 60 and d?
12
Let m be (2 + 0 - 3) + 9. Let f = -152 - -159. Let t be -1 + 6 - (f - 44/11). What is the greatest common divisor of t and m?
2
Suppose 3*p = -9 + 21, -4*b = -2*p - 24. Suppose -5*l + 100 = 9*r - b*r, 5*l - 20 = 0. Calculate the highest common divisor of r and 80.
80
Suppose 2*n + 2*o + 492 = 0, -3*n - 518 = 2*o + 223. Let s = 399 + n. Calculate the greatest common factor of s and 6.
6
Let x be (3 - 3) + 6/((-12)/(-242)). Suppose 5*r - 495 = -5*d + 3*r, d = -3*r + 99. What is the highest common factor of x and d?
11
Suppose 1 = 27*a - 26*a. Suppose -25 = -5*j, -3*y + j - 1 = a. Let u be ((-14)/5)/(y/(-5)). Calculate the greatest common factor of u and 49.
7
Suppose -2 = -4*v - 18, -5*h - v + 16 = 0. Let o be 1/(h - (-84)/(-20)) + 87. What is the highest common factor of 738 and o?
82
Let z(k) = k**3 + 32*k**2 - 79*k - 2502. Let a be z(-27). What is the greatest common factor of a and 429?
39
Suppose 4*q + 124 = 4*g, 0 = 3*g - 0*q + 4*q - 121. Let z be 16/56*g/10. What is the highest common factor of z and 1?
1
Suppose -y + 697 = n, 3*y = 4*n - 2469 - 368. What is the greatest common divisor of 572 and n?
44
Let r = -19514 - -19522. What is the highest common factor of 60 and r?
4
Let c(h) = -h - 5*h + 10*h - 4 + 101*h**2 + 12 - 6*h. Let d be c(2). What is the greatest common factor of d and 48?
24
Let a be (-5)/(13/((-429)/15)). Calculate the highest common divisor of 8 and a.
1
Let b = -15507 + 15525. Suppose -3*u = -4*t - 0*t + 147, 0 = -2*t - 4*u + 68. Calculate the highest common factor of b and t.
18
Let y = -12002 + 12019. What is the highest common divisor of y and 24463?
17
Let z(m) = m**3 - 5*m + 4. Let f be z(1). Suppose f = 2*s - 0*s - 8. What is the greatest common factor of 4 and s?
4
Let v = 1651 - 1642. Suppose -15 = 4*b + 2*r - 7*r, -9 = 4*b - 3*r. Suppose b = 5*x + v - 29. What is the greatest common divisor of x and 16?
4
Suppose -8 = -2*s - 2*s. Suppose -2*b - 3*b = -5, 0 = s*q - 4*b - 2. Let o be ((-6)/3 - -4)/(q/6). Calculate the highest common factor of 8 and o.
4
Let f(j) = -j + 22. Let x be f(10). Suppose -9*m = -11*m - 2*q + 22, -m - 14 = -4*q. What is the highest common divisor of x and m?
6
Let l = 329 + -265. Let q = l - 38. Calculate the greatest common divisor of 130 and q.
26
Let s(m) = -325*m + 17745. Let p be s(51). Calculate the highest common factor of 2405 and p.
65
Let n be 10/(-2*(-2)/44). Let y be 871/13 - 13 - (3 - 4). What is the greatest common divisor of y and n?
55
Let w = -53 - -54. Let l be (w - 950) + 32/8. Let t be (-2)/(-16) - l/120. Calculate the greatest common divisor of 40 and t.
8
Let l(f) be the third derivative of -f**6/120 - 11*f**5/60 - 11*f**4/24 - 5*f**3/6 + 12*f**2. Let v be l(-10). Calculate the greatest common divisor of 1 and v.
1
Let h(b) = -33*b + 204. Let i be h(6). Let z(j) = 4*j**2 - j + 6. Let n be z(i). Calculate the highest common divisor of n and 128.
16
Let k be -3*(-6)/(-36)*-4. Suppose 0*s + 4*o = -s + 38, 0 = -s + k*o + 32. What is the greatest common factor of s and 170?
34
Suppose -4*q + 7*q - 85 = 2*t, 19 = q + 4*t. Suppose -995*w + 1000*w - 540 = 0. What is the highest common factor of w and q?
27
Let o(i) = i**3 - 3*i**2 - 23*i + 38. Let q be o(6). Suppose -58*x + 550 = -q*x. What is the highest common factor of 605 and x?
11
Suppose 54 + 120 = 6*i. Suppose -75 = 4*w + i. Let n = 131 + w. What is the highest common divisor of n and 35?
35
Suppose 5*y = 2*o - 1, o - 5 = 5*y - 7*y. Let f be 1 - (0 + (3 - 2)). Suppose 3*z - 15 = -f*z. What is the greatest common factor of z and y?
1
Let b be (1/2)/((-2)/(-48)). Let c(i) = -i**3 - 27*i**2 + 190*i + 1002. Let g be c(-32). What is the greatest common factor of b and g?
6
Let t(p) = p**3 - 12*p**2 - 26*p - 5. Suppose 16*i - 465 = -15*i. Let z be t(i). What is the greatest common factor of z and 35?
35
Let u be (-2158)/(-12) + (-3 - (-38)/12). Suppose -c = 3*z - 180, -z = 2*c - c - u. What is the highest common divisor of c and 36?
36
Suppose 3*y - 3353 = -5*q, 0 = 5*y + q + 3009 - 8568. What is the highest common divisor of 1717 and y?
101
Let y = -372 + 671. Let t = -173545 - -173558. Calculate the greatest common divisor of t and y.
13
Suppose 3*z - 49 = 5. Suppose a + z = 2*a. Suppose -2*y + 4*v + 36 = 0, 3*v = -5*y + 6*y - a. What is the highest common factor of 162 and y?
18
Suppose -3*i - 150 = -3*n, 3*n - 16 = -24*i - 82. Let y = -3 + 7. Let b = 2 + y. What is the greatest common factor of n and b?
6
Let s be 21 - (6 - -4)/(-5). Let b be 1*(-6 + 1 + s). Let l be (-724)/(-10) + (-2)/5. What is the highest common divisor of b and l?
18
Let y be (0 + 0)/(2 - 3). Suppose 6*d - d - 320 = y. Let f(r) = r**2 + 78*r - 1379. Let l be f(15). What is the highest common factor of d and l?
16
Suppose 2*k - 209 = 199. Let m = k - 171. Calculate the greatest common divisor of m and 165.
33
Let q(u) = 2*u**2 + 88*u - 2992. Let n be q(29). What is the highest common factor of n and 161?
23
Let d(r) = 8*r + 35. Let x be d(-4). Suppose 11 = x*c + 5*m, 2*m + 31 + 39 = 5*c. Suppose -t - 3*t + 432 = 0. Calculate the greatest common divisor of t and c.
12
Suppose -876 = -3*j - j. Let b = j + -154. Calculate the greatest common factor of b and 39.
13
Let o(l) = -194*l - 1716. Let c be o(-9). Let s(m) = 8*m**2 + m. Let j be s(1). What is the highest common factor of j and c?
3
Suppose 5*x - 205 = 3*u, -1425*x - 3*u = -1428*x + 129. Calculate the highest common divisor of x and 44.
2
Suppose 0 = -w - 18 + 13, -s + w = 212. Let t = 553 + s. What is the greatest common divisor of t and 14?
14
Let t(d) be the first derivative of d**4/4 - 3*d**3 - 3*d**2 - 24*d + 86. Let m be t(10). What is the greatest common divisor of 112 and m?
16
Let r = 204 - 159. Suppose r*q = 49*q - 252. Calculate the greatest common factor of 27 and q.
9
Let r = 285 - 237. What is the highest common factor of r and 33?
3
Suppose 3*s - 2405*m - 37 = -2409*m, 3*s + 5*m = 29. Calculate the highest common factor of 575 and s.
23
Let i be (6575/(-10))/(-5)*2. Let m = -246 + i. Suppose -3*a = 2*f - 206, -3*a - 2*f + 208 = 2*f. What is the greatest common divisor of m and a?
17
Let d(n) = n**3 - 53*n**2 + 160*n - 73. Let o be d(50). Calculate the greatest common divisor of o and 21.
7
Let r be (-16)/(-8)*(4 - (2 - -1)). Let n be 607 - (-1)/(3/(-3))*r. Let s be (n/(-22))/((-2)/4). What is the greatest common factor of 11 and s?
11
Let s(i) = i**3 - 9*i**2 - 10*i + 27. Suppose 0 = 10*b - 120 + 10. Let n be s(b). Calculate the highest common divisor of n and 212.
53
Suppose 5*p = 0, 3*p + 564 + 1688 = 4*n. Let x = 635 - n. Calculate the greatest common divisor of x and 648.
72
Let r = -76 + 132. Suppose 7 = 3*i + 1, 2*a - 66 = -5*i. Calculate the greatest common divisor of r and a.
28
Let l(m) = -m + 6. Let r be l(10). Let i be 6*(4 - (-28)/r). Let k be (-27)/i + (-17)/(-2). What is the greatest common divisor of 40 and k?
10
Let s = 96 + -74. Suppose 7*c - 43 + s = 0. Let l = -17 - -22. What is the greatest common factor of c and l?
1
Let k(z) = 12*z + 114. Let x be k(-6). Calculate the greatest common divisor of x and 1337.
7
Let t(l) = -32*l - 54. Let s be t(-3). Suppose -12*i + 9*i + s = 0. Calculate the highest common divisor of i and 210.
14
Suppose -5744*t - 256 = -5746*t. What is the greatest common divisor of t and 224?
32
Let b be (-1)/((-4379)/3500 + (-50)/(-40)). What is the highest common factor of b and 500?
125
Suppose -358*v + 34492 = 294*v - 3324. Suppose -l + 2*f = -0*l - 4, -3*l - 3*f = -3. Calculate the greatest com